- (-3 - -3). List the prime factors of 2/(-6) - t/(-21).
2, 7
Suppose -2*u - u - 4*h + 1757 = 0, -4*h + 2915 = 5*u. List the prime factors of u.
3, 193
Let y be ((-20)/(-4) - 2) + -1. Let f be (-1 + y - -2) + 1. List the prime factors of (-118)/(-4) + f/(-8).
29
Suppose 0 = k - 5 + 4. Let c(n) = -26*n**3 + 2*n**2 + 2*n. Let v(b) = -53*b**3 + 4*b**2 + 3*b. Let t(a) = 5*c(a) - 3*v(a). List the prime factors of t(k).
2, 7
Let p(q) = 21*q**2 + 14*q - 106. List the prime factors of p(9).
1721
Let u be (-5 + 6)/((-1)/(-709)). Let b = 1024 - u. List the prime factors of b.
3, 5, 7
What are the prime factors of ((-12)/(-36))/((-13333)/(-6666) + -2)?
2, 11, 101
Let x be -28 - (-1*2 - (-6 - -7)). Let g = 17 - -19. Let o = g + x. List the prime factors of o.
11
Suppose -10461 + 3517 = -16*r. List the prime factors of r.
2, 7, 31
Suppose 47*a - 49*a = -3*r - 1053, -5*a + 5*r + 2625 = 0. What are the prime factors of a?
2, 3, 29
Let x(d) = 19*d**2 + 3*d - 51. What are the prime factors of x(7)?
17, 53
Suppose -4*q - 3 = -4*u + 5, 5*q + 10 = u. Suppose u*c - 8 = 2*c + 4*f, 2*f = 5*c - 16. Suppose -3*h - c*h = -85. List the prime factors of h.
17
Suppose 0*h - 117 = -3*h. Let r be 598/h - (-2)/3. Let v = r - -1. What are the prime factors of v?
17
Let k(f) = 2*f**2 + 13*f - 3. List the prime factors of k(-28).
1201
Suppose x - f + 20 = f, f = 2*x + 43. Suppose 0*r + 2*r = -68. Let l = x - r. What are the prime factors of l?
2, 3
Let y(a) = -4*a**3 - 7*a**2 + 14*a + 8. Let p(i) = -4*i**3 - 6*i**2 + 13*i + 7. Let u(j) = 6*p(j) - 5*y(j). List the prime factors of u(-3).
7, 11
Let r(j) = -j**3 + 30*j**2 - 13*j + 31. List the prime factors of r(29).
3, 5, 11
Suppose t + 2*t - 240 = 0. Suppose h + 3*h = t. List the prime factors of h.
2, 5
Suppose -21 + 5 = 4*o, -4*g + o = -36. Suppose -3*x - g = 5*s - 0*s, -2*x + 20 = -3*s. Suppose x*b - 36 = -0*b. List the prime factors of b.
3
Suppose -4*v = -4*m + 1 + 7, 0 = -5*m - 4*v + 10. Let f(x) = x**3 + 11*x**2 + 7*x - 11. Let p be f(-10). Suppose -m*z = -p - 11. List the prime factors of z.
3, 5
Let f(z) = -z**2 + z**2 + z + z**3 - 4*z**3. Let y be f(-1). Let t(b) = 2*b**3 + 3*b**2 - b - 1. List the prime factors of t(y).
5
Let t = 5 + -2. Suppose -j + 5 = -t*x - 15, -80 = -5*j + 5*x. What are the prime factors of j?
2, 7
Suppose -3*a + 12 = 0, 6*r = 3*r + 5*a - 32. Let d be (r + 6)*(-51)/(-6). Suppose -3 = -4*i + d. List the prime factors of i.
5
Let j = 606 - 296. What are the prime factors of j?
2, 5, 31
Let k be -3 - -6 - (-8 + 1). Suppose 5*v - k = -5*q, -4 = -3*v - 4*q - 3. List the prime factors of v.
7
What are the prime factors of 4/12 - (-6812)/39?
5, 7
Suppose r = 0, 20*s = 19*s + 3*r + 1356. List the prime factors of s.
2, 3, 113
Suppose -5*n = 5*d + 3 + 37, -7 = n + 2*d. What are the prime factors of 14/63 + (-160)/n?
2, 3
Let n(h) = 29*h**2 - 4*h - 1. Let g be n(3). Suppose -83 + g = 3*z. List the prime factors of z.
5, 11
Suppose -4*a + 4*y + 7675 = a, y - 6140 = -4*a. What are the prime factors of a?
5, 307
Let n(i) = 21*i**2 + 9*i - 113. What are the prime factors of n(12)?
3019
Let n(s) = -6*s - 3. Let d be n(-10). Let x = 51 + d. Suppose q - 5*q = -x. List the prime factors of q.
3
Suppose 15541 = 25*u - 3784. What are the prime factors of u?
773
Let i = -19 + 24. Suppose 0*f = 2*f - 4, 704 = i*t - 3*f. List the prime factors of t.
2, 71
Let c(n) be the first derivative of 10*n**3/3 - 5*n**2/2 + 6. Let r be c(5). Suppose -r + 60 = -5*a. What are the prime factors of a?
3, 11
Let y(l) = -3*l + 6. Let z be y(6). Let m be ((-7)/(-14))/(2/z). List the prime factors of (m - (-20)/6)*75.
5
Suppose 4*p + 2 = 10. Suppose p*i = -5*d + 257, -4*d + 4*i + i = -199. What are the prime factors of d?
3, 17
Let j(o) = 3*o + 4. Suppose 0 = -l + 7 - 0. Let h be (-3)/7 - (-80)/l. List the prime factors of j(h).
37
Let t be 15/(-2)*(4 - -2). Let l = t + 64. What are the prime factors of l?
19
Suppose -4*l + 5*n + 838 = 2*n, -3*l + 2*n = -629. Let o = -92 + l. What are the prime factors of o?
7, 17
Let s = -1036 - -1350. List the prime factors of s.
2, 157
Suppose 0*a = 5*a - 15. List the prime factors of (-1*a - 28/(-14)) + 47.
2, 23
Let n(l) = l**3 - 4*l**2 - 9*l - 8. Let k be n(6). Let f = 156 + k. List the prime factors of f.
2, 83
Let z = -333 + 869. Suppose 3*o - z = -98. What are the prime factors of o?
2, 73
Suppose b + 6 = -5*q + 247, -2*b + 2 = 0. Let f(d) = -d**3 - 13*d**2 - 8*d - 14. Let z be f(-13). Let r = z - q. List the prime factors of r.
2, 3, 7
Let s(m) = 3*m**3 - 12*m**2 - m - 13. What are the prime factors of s(6)?
197
Let p = -1998 - -5169. List the prime factors of p.
3, 7, 151
Let o(c) = -c**2 - 6*c + 13. Let g be o(-7). Suppose 0 = -g*z + 2 + 52. List the prime factors of z.
3
Suppose 7 - 16 = -3*g. Suppose g*y = -5*y + 1648. What are the prime factors of y?
2, 103
Let n(u) = 3*u + 5. Let f be n(-1). Suppose -117 = -f*w + o, 5*w + o - 225 = w. What are the prime factors of w?
3, 19
Suppose 4*t = 3*t - 11. Let k = 172 + t. List the prime factors of k.
7, 23
What are the prime factors of ((-147)/18 - -7)*-84?
2, 7
Let n = 164 - 69. List the prime factors of n.
5, 19
Let g = 1000 + -355. What are the prime factors of g?
3, 5, 43
Let n(g) = 31*g - 32. Let k be n(14). Let s = k - 222. What are the prime factors of s?
2, 3, 5
Suppose 82*w = 114*w - 33024. What are the prime factors of w?
2, 3, 43
Let u(m) = -1043*m + 436. List the prime factors of u(-4).
2, 3
Suppose 4*f = -11035 + 28443. What are the prime factors of f?
2, 17
List the prime factors of 507 - (35/(-7) - -5).
3, 13
Let f(b) = b. Let g be f(6). Suppose 4*o = o + g. Suppose -5 = -o*n + 43. List the prime factors of n.
2, 3
Let u = 225 + 122. List the prime factors of u.
347
Let h(n) be the first derivative of 4*n**2 - 4*n - 10. List the prime factors of h(4).
2, 7
Let o be (0 + -6)/((-3)/69). Suppose 0 = -3*i - 0*i + o. What are the prime factors of i?
2, 23
List the prime factors of 26/(-52) - (-258)/4.
2
Suppose i - 11*i = -30. Suppose 368 = 5*l - 2*z, -4 = i*z - 2*z. List the prime factors of l.
2, 3
Let a(c) be the second derivative of -c**4/6 - 2*c**3/3 + 2*c**2 - 6*c. Let v be a(5). List the prime factors of (v/4)/((-1)/2).
3, 11
Let a be 50/6 + (-3)/9. Suppose 0 = -n + a*n + 28. Let j = n - -16. List the prime factors of j.
2, 3
Suppose t - 4*s = -131, -8*s = -4*s - 8. Let c = -35 - t. List the prime factors of c.
2, 11
Let a be -3*(10/(-3) + 0). Suppose 3*s - 7 = -n - 2, 0 = 3*s + 2*n - a. Suppose s = h - 19 + 4. List the prime factors of h.
3, 5
Let b = -32 + 31. Let o be (-1)/b - (11 - 25). What are the prime factors of ((-10)/o)/(6/(-603))?
67
Let z = 52 + -47. Suppose -z*j = -93 - 152. What are the prime factors of j?
7
Let z(y) = -y**2 + 12*y - 6. Let g be z(11). Suppose -g*j + 4*n = -429, 6*j = 3*j + 2*n + 257. What are the prime factors of j?
5, 17
Let z = -1924 - -3267. What are the prime factors of z?
17, 79
Suppose -5*q + 637 = -183. List the prime factors of q.
2, 41
Let z(t) = -t**2 - 18*t - 7. Let f be z(-17). Suppose -9*s + f*s = 18. What are the prime factors of (s/15)/(6/345)?
3, 23
Suppose -2*j = -0*j - 4. Suppose -5*v + 26 = 3*h, 2*v = -5*h + 3*v + 90. Let m = j + h. List the prime factors of m.
19
Suppose 4*t + 4 = -0*t. Let j(m) = m**3 - 31*m**2 + 31*m - 30. Let x be j(30). List the prime factors of x + 58 - (t - 0).
59
Let g(y) = y + 10 - 50*y**2 - 34*y**2 + 17*y**2. Let d(i) = -22*i**2 + 3. Let s(z) = -7*d(z) + 2*g(z). What are the prime factors of s(1)?
3, 7
Suppose -6*q + 8*q + 5*v - 1515 = 0, 3*q - 2*v = 2263. List the prime factors of q.
5, 151
Let r(m) = 168*m - 57. What are the prime factors of r(2)?
3, 31
Suppose 1 = -4*h - 31. Suppose 14 + 6 = -4*n - 2*v, 5*n + 5*v = -20. Let l = n - h. List the prime factors of l.
2
Let h = 23 - 26. Let b be -120 + h + 0/3. List the prime factors of -1 - (-4)/((-12)/b).
2, 5
Suppose -4*p + 47 = 5*h, 2*h + 2*p - 18 = -0*h. List the prime factors of h.
11
Let p(f) = f**3 - 19*f**2 + 2*f - 23. Let q be p(19). Suppose o = 7 + q. What are the prime factors of o?
2, 11
Let r be 4 + -6 - 0 - -497. Suppose 3*t + r = 18*t. List the prime factors of t.
3, 11
Suppose -2*j = 2*j + 3*q - 3687, 2*q + 4580 = 5*j. Suppose 5*s = -s + j. Suppose -2*r + s = r. List the prime factors